{"id":196,"date":"2025-11-26T14:50:36","date_gmt":"2025-11-26T17:50:36","guid":{"rendered":"https:\/\/dannydemiranda.com.br\/?page_id=196"},"modified":"2026-02-26T16:13:38","modified_gmt":"2026-02-26T19:13:38","slug":"daniel-lino-de-miranda","status":"publish","type":"page","link":"https:\/\/dannydemiranda.com.br\/","title":{"rendered":"Daniel de Miranda"},"content":{"rendered":"\t\t<div data-elementor-type=\"wp-page\" data-elementor-id=\"196\" class=\"elementor elementor-196\">\n\t\t\t\t<div class=\"elementor-element elementor-element-b3c0d12 e-flex e-con-boxed e-con e-parent\" data-id=\"b3c0d12\" data-element_type=\"container\" data-e-type=\"container\">\n\t\t\t\t\t<div class=\"e-con-inner\">\n\t\t\t\t<div class=\"elementor-element elementor-element-29d68f1 elementor-widget elementor-widget-text-editor\" data-id=\"29d68f1\" data-element_type=\"widget\" data-e-type=\"widget\" data-widget_type=\"text-editor.default\">\n\t\t\t\t<div class=\"elementor-widget-container\">\n\t\t\t\t\t\t\t\t\t<p data-start=\"409\" data-end=\"740\">Daniel carrega consigo uma hist\u00f3ria rica e inspiradora. Comunicador nato, \u00e9 youtuber, amante do rock e um chefe de cozinha encantador, conhecido por colocar carinho e criatividade em tudo o que faz. Com muita viv\u00eancia e sensibilidade, tem o desejo genu\u00edno de compartilhar suas experi\u00eancias com o mundo.<\/p><p data-start=\"742\" data-end=\"956\">Morando h\u00e1 9 anos no Ap 21, leva uma rotina intensa e cheia de energia \u2014 ele realmente n\u00e3o para! Ativo, determinado e sempre envolvido com novos projetos, Daniel se destaca como um verdadeiro atleta do cotidiano.<\/p><p data-start=\"958\" data-end=\"1159\">Navegue pelo site e descubra seus trabalhos, projetos, v\u00eddeos e conte\u00fados criados e desenvolvidos com dedica\u00e7\u00e3o e autenticidade. Cada parte reflete um pouco do universo vibrante e inspirador de Daniel.<\/p>\t\t\t\t\t\t\t\t<\/div>\n\t\t\t\t<\/div>\n\t\t\t\t\t<\/div>\n\t\t\t\t<\/div>\n\t\t<div class=\"elementor-element elementor-element-5aa3ebb e-flex e-con-boxed e-con e-parent\" data-id=\"5aa3ebb\" data-element_type=\"container\" data-e-type=\"container\">\n\t\t\t\t\t<div class=\"e-con-inner\">\n\t\t<div class=\"elementor-element elementor-element-d6e25a6 e-con-full e-flex e-con e-child\" data-id=\"d6e25a6\" data-element_type=\"container\" data-e-type=\"container\">\n\t\t\t\t<div class=\"elementor-element elementor-element-34bc29a elementor-widget elementor-widget-image\" data-id=\"34bc29a\" data-element_type=\"widget\" data-e-type=\"widget\" data-widget_type=\"image.default\">\n\t\t\t\t<div class=\"elementor-widget-container\">\n\t\t\t\t\t\t\t\t\t\t\t\t\t\t\t\t<a href=\"https:\/\/dannydemiranda.com.br\/?page_id=15\" target=\"_blank\">\n\t\t\t\t\t\t\t<img fetchpriority=\"high\" decoding=\"async\" width=\"640\" height=\"360\" src=\"https:\/\/dannydemiranda.com.br\/wp-content\/uploads\/2026\/02\/Template-me-conheca.png\" class=\"attachment-large size-large wp-image-1187\" alt=\"\" srcset=\"https:\/\/dannydemiranda.com.br\/wp-content\/uploads\/2026\/02\/Template-me-conheca.png 640w, https:\/\/dannydemiranda.com.br\/wp-content\/uploads\/2026\/02\/Template-me-conheca-300x169.png 300w\" sizes=\"100vw\" \/>\t\t\t\t\t\t\t\t<\/a>\n\t\t\t\t\t\t\t\t\t\t\t\t\t\t\t<\/div>\n\t\t\t\t<\/div>\n\t\t\t\t<\/div>\n\t\t<div class=\"elementor-element elementor-element-7b3d2df e-con-full e-flex e-con e-child\" data-id=\"7b3d2df\" data-element_type=\"container\" data-e-type=\"container\">\n\t\t\t\t<div class=\"elementor-element elementor-element-3f8bb8e elementor-widget elementor-widget-image\" data-id=\"3f8bb8e\" data-element_type=\"widget\" data-e-type=\"widget\" data-widget_type=\"image.default\">\n\t\t\t\t<div class=\"elementor-widget-container\">\n\t\t\t\t\t\t\t\t\t\t\t\t\t\t\t\t<a href=\"https:\/\/dannydemiranda.com.br\/?page_id=49\" target=\"_blank\">\n\t\t\t\t\t\t\t<img decoding=\"async\" width=\"640\" height=\"360\" src=\"https:\/\/dannydemiranda.com.br\/wp-content\/uploads\/2026\/02\/Template-down-news.png\" class=\"attachment-large size-large wp-image-1189\" alt=\"\" srcset=\"https:\/\/dannydemiranda.com.br\/wp-content\/uploads\/2026\/02\/Template-down-news.png 640w, https:\/\/dannydemiranda.com.br\/wp-content\/uploads\/2026\/02\/Template-down-news-300x169.png 300w\" sizes=\"100vw\" \/>\t\t\t\t\t\t\t\t<\/a>\n\t\t\t\t\t\t\t\t\t\t\t\t\t\t\t<\/div>\n\t\t\t\t<\/div>\n\t\t\t\t<\/div>\n\t\t<div class=\"elementor-element elementor-element-6c98c87 e-con-full e-flex e-con e-child\" data-id=\"6c98c87\" data-element_type=\"container\" data-e-type=\"container\">\n\t\t\t\t<div class=\"elementor-element elementor-element-1ed7d6d elementor-widget elementor-widget-image\" data-id=\"1ed7d6d\" data-element_type=\"widget\" data-e-type=\"widget\" data-widget_type=\"image.default\">\n\t\t\t\t<div class=\"elementor-widget-container\">\n\t\t\t\t\t\t\t\t\t\t\t\t\t\t\t\t<a href=\"https:\/\/dannydemiranda.com.br\/?page_id=22\" target=\"_blank\">\n\t\t\t\t\t\t\t<img decoding=\"async\" width=\"640\" height=\"360\" src=\"https:\/\/dannydemiranda.com.br\/wp-content\/uploads\/2026\/02\/Template-viagens.png\" class=\"attachment-large size-large wp-image-1188\" alt=\"\" srcset=\"https:\/\/dannydemiranda.com.br\/wp-content\/uploads\/2026\/02\/Template-viagens.png 640w, https:\/\/dannydemiranda.com.br\/wp-content\/uploads\/2026\/02\/Template-viagens-300x169.png 300w\" sizes=\"100vw\" \/>\t\t\t\t\t\t\t\t<\/a>\n\t\t\t\t\t\t\t\t\t\t\t\t\t\t\t<\/div>\n\t\t\t\t<\/div>\n\t\t\t\t<\/div>\n\t\t<div class=\"elementor-element elementor-element-7f1bb72 e-con-full e-flex e-con e-child\" data-id=\"7f1bb72\" data-element_type=\"container\" data-e-type=\"container\">\n\t\t\t\t<div class=\"elementor-element elementor-element-f66ee53 elementor-widget elementor-widget-image\" data-id=\"f66ee53\" data-element_type=\"widget\" data-e-type=\"widget\" data-widget_type=\"image.default\">\n\t\t\t\t<div class=\"elementor-widget-container\">\n\t\t\t\t\t\t\t\t\t\t\t\t\t\t\t\t<a href=\"https:\/\/dannydemiranda.com.br\/?page_id=24\" target=\"_blank\">\n\t\t\t\t\t\t\t<img loading=\"lazy\" decoding=\"async\" width=\"640\" height=\"360\" src=\"https:\/\/dannydemiranda.com.br\/wp-content\/uploads\/2026\/02\/Template-esportes.png\" class=\"attachment-large size-large wp-image-1193\" alt=\"\" srcset=\"https:\/\/dannydemiranda.com.br\/wp-content\/uploads\/2026\/02\/Template-esportes.png 640w, https:\/\/dannydemiranda.com.br\/wp-content\/uploads\/2026\/02\/Template-esportes-300x169.png 300w\" sizes=\"100vw\" \/>\t\t\t\t\t\t\t\t<\/a>\n\t\t\t\t\t\t\t\t\t\t\t\t\t\t\t<\/div>\n\t\t\t\t<\/div>\n\t\t\t\t<\/div>\n\t\t<div class=\"elementor-element elementor-element-1194e60 e-con-full e-flex e-con e-child\" data-id=\"1194e60\" data-element_type=\"container\" data-e-type=\"container\">\n\t\t\t\t<div class=\"elementor-element elementor-element-3bfbbe6 elementor-widget elementor-widget-image\" data-id=\"3bfbbe6\" data-element_type=\"widget\" data-e-type=\"widget\" data-widget_type=\"image.default\">\n\t\t\t\t<div class=\"elementor-widget-container\">\n\t\t\t\t\t\t\t\t\t\t\t\t\t\t\t\t<a href=\"https:\/\/dannydemiranda.com.br\/?page_id=142\" target=\"_blank\">\n\t\t\t\t\t\t\t<img loading=\"lazy\" decoding=\"async\" width=\"640\" height=\"360\" src=\"https:\/\/dannydemiranda.com.br\/wp-content\/uploads\/2026\/02\/Template-entrevistas-1.png\" class=\"attachment-large size-large wp-image-1223\" alt=\"\" srcset=\"https:\/\/dannydemiranda.com.br\/wp-content\/uploads\/2026\/02\/Template-entrevistas-1.png 640w, https:\/\/dannydemiranda.com.br\/wp-content\/uploads\/2026\/02\/Template-entrevistas-1-300x169.png 300w\" sizes=\"100vw\" \/>\t\t\t\t\t\t\t\t<\/a>\n\t\t\t\t\t\t\t\t\t\t\t\t\t\t\t<\/div>\n\t\t\t\t<\/div>\n\t\t\t\t<\/div>\n\t\t<div class=\"elementor-element elementor-element-883f57c e-con-full e-flex e-con e-child\" data-id=\"883f57c\" data-element_type=\"container\" data-e-type=\"container\">\n\t\t\t\t<div class=\"elementor-element elementor-element-5a7cbb6 elementor-widget elementor-widget-image\" data-id=\"5a7cbb6\" data-element_type=\"widget\" data-e-type=\"widget\" data-widget_type=\"image.default\">\n\t\t\t\t<div class=\"elementor-widget-container\">\n\t\t\t\t\t\t\t\t\t\t\t\t\t\t\t\t<a href=\"https:\/\/dannydemiranda.com.br\/?page_id=131\" target=\"_blank\">\n\t\t\t\t\t\t\t<img loading=\"lazy\" decoding=\"async\" width=\"640\" height=\"360\" src=\"https:\/\/dannydemiranda.com.br\/wp-content\/uploads\/2026\/02\/Template-stop-motion.png\" class=\"attachment-large size-large wp-image-1196\" alt=\"\" srcset=\"https:\/\/dannydemiranda.com.br\/wp-content\/uploads\/2026\/02\/Template-stop-motion.png 640w, https:\/\/dannydemiranda.com.br\/wp-content\/uploads\/2026\/02\/Template-stop-motion-300x169.png 300w\" sizes=\"100vw\" \/>\t\t\t\t\t\t\t\t<\/a>\n\t\t\t\t\t\t\t\t\t\t\t\t\t\t\t<\/div>\n\t\t\t\t<\/div>\n\t\t\t\t<\/div>\n\t\t\t\t\t<\/div>\n\t\t\t\t<\/div>\n\t\t<div class=\"elementor-element elementor-element-909be0d e-flex e-con-boxed e-con e-parent\" data-id=\"909be0d\" data-element_type=\"container\" data-e-type=\"container\">\n\t\t\t\t\t<div class=\"e-con-inner\">\n\t\t<div class=\"elementor-element elementor-element-63a73dc e-con-full e-flex e-con e-child\" data-id=\"63a73dc\" data-element_type=\"container\" data-e-type=\"container\">\n\t\t\t\t<div class=\"elementor-element elementor-element-6bff52a elementor-widget elementor-widget-image\" data-id=\"6bff52a\" data-element_type=\"widget\" data-e-type=\"widget\" data-widget_type=\"image.default\">\n\t\t\t\t<div class=\"elementor-widget-container\">\n\t\t\t\t\t\t\t\t\t\t\t\t\t\t\t\t<a href=\"https:\/\/dannydemiranda.com.br\/?page_id=137\" target=\"_blank\">\n\t\t\t\t\t\t\t<img loading=\"lazy\" decoding=\"async\" width=\"640\" height=\"360\" src=\"https:\/\/dannydemiranda.com.br\/wp-content\/uploads\/2026\/02\/Template-palestras.png\" class=\"attachment-large size-large wp-image-1207\" alt=\"\" srcset=\"https:\/\/dannydemiranda.com.br\/wp-content\/uploads\/2026\/02\/Template-palestras.png 640w, https:\/\/dannydemiranda.com.br\/wp-content\/uploads\/2026\/02\/Template-palestras-300x169.png 300w\" sizes=\"100vw\" \/>\t\t\t\t\t\t\t\t<\/a>\n\t\t\t\t\t\t\t\t\t\t\t\t\t\t\t<\/div>\n\t\t\t\t<\/div>\n\t\t\t\t<\/div>\n\t\t<div class=\"elementor-element elementor-element-5d33950 e-con-full e-flex e-con e-child\" data-id=\"5d33950\" data-element_type=\"container\" data-e-type=\"container\">\n\t\t\t\t<div class=\"elementor-element elementor-element-7007837 elementor-widget elementor-widget-image\" data-id=\"7007837\" data-element_type=\"widget\" data-e-type=\"widget\" data-widget_type=\"image.default\">\n\t\t\t\t<div class=\"elementor-widget-container\">\n\t\t\t\t\t\t\t\t\t\t\t\t\t\t\t\t<a href=\"https:\/\/dannydemiranda.com.br\/?page_id=159\" target=\"_blank\">\n\t\t\t\t\t\t\t<img loading=\"lazy\" decoding=\"async\" width=\"640\" height=\"360\" src=\"https:\/\/dannydemiranda.com.br\/wp-content\/uploads\/2026\/02\/Template-livros.png\" class=\"attachment-large size-large wp-image-1212\" alt=\"\" srcset=\"https:\/\/dannydemiranda.com.br\/wp-content\/uploads\/2026\/02\/Template-livros.png 640w, https:\/\/dannydemiranda.com.br\/wp-content\/uploads\/2026\/02\/Template-livros-300x169.png 300w\" sizes=\"100vw\" \/>\t\t\t\t\t\t\t\t<\/a>\n\t\t\t\t\t\t\t\t\t\t\t\t\t\t\t<\/div>\n\t\t\t\t<\/div>\n\t\t\t\t<\/div>\n\t\t<div class=\"elementor-element elementor-element-7dc190e e-con-full e-flex e-con e-child\" data-id=\"7dc190e\" data-element_type=\"container\" data-e-type=\"container\">\n\t\t\t\t<div class=\"elementor-element elementor-element-3574aba elementor-widget elementor-widget-image\" data-id=\"3574aba\" data-element_type=\"widget\" data-e-type=\"widget\" data-widget_type=\"image.default\">\n\t\t\t\t<div class=\"elementor-widget-container\">\n\t\t\t\t\t\t\t\t\t\t\t\t\t\t\t\t<a href=\"https:\/\/dannydemiranda.com.br\/?page_id=149\" target=\"_blank\">\n\t\t\t\t\t\t\t<img loading=\"lazy\" decoding=\"async\" width=\"640\" height=\"360\" src=\"https:\/\/dannydemiranda.com.br\/wp-content\/uploads\/2026\/02\/Template-outras-producoes.png\" class=\"attachment-large size-large wp-image-1213\" alt=\"\" srcset=\"https:\/\/dannydemiranda.com.br\/wp-content\/uploads\/2026\/02\/Template-outras-producoes.png 640w, https:\/\/dannydemiranda.com.br\/wp-content\/uploads\/2026\/02\/Template-outras-producoes-300x169.png 300w\" sizes=\"100vw\" \/>\t\t\t\t\t\t\t\t<\/a>\n\t\t\t\t\t\t\t\t\t\t\t\t\t\t\t<\/div>\n\t\t\t\t<\/div>\n\t\t\t\t<\/div>\n\t\t\t\t\t<\/div>\n\t\t\t\t<\/div>\n\t\t\t\t<\/div>\n\t\t","protected":false},"excerpt":{"rendered":"<p>Daniel carrega consigo uma hist\u00f3ria rica e inspiradora. Comunicador nato, \u00e9 youtuber, amante do rock e um chefe de cozinha encantador, conhecido por colocar carinho e criatividade em tudo o que faz. Com muita viv\u00eancia e sensibilidade, tem o desejo genu\u00edno de compartilhar suas experi\u00eancias com o mundo. Morando h\u00e1 9 anos no Ap 21, &hellip; <\/p>\n<p class=\"link-more\"><a href=\"https:\/\/dannydemiranda.com.br\/\" class=\"more-link\">Read more<span class=\"screen-reader-text\"> &#8220;Daniel de Miranda&#8221;<\/span><\/a><\/p>\n","protected":false},"author":1,"featured_media":0,"parent":0,"menu_order":0,"comment_status":"closed","ping_status":"closed","template":"","meta":{"inspiro_hide_title":false,"footnotes":""},"class_list":["post-196","page","type-page","status-publish","hentry"],"_links":{"self":[{"href":"https:\/\/dannydemiranda.com.br\/index.php?rest_route=\/wp\/v2\/pages\/196","targetHints":{"allow":["GET"]}}],"collection":[{"href":"https:\/\/dannydemiranda.com.br\/index.php?rest_route=\/wp\/v2\/pages"}],"about":[{"href":"https:\/\/dannydemiranda.com.br\/index.php?rest_route=\/wp\/v2\/types\/page"}],"author":[{"embeddable":true,"href":"https:\/\/dannydemiranda.com.br\/index.php?rest_route=\/wp\/v2\/users\/1"}],"replies":[{"embeddable":true,"href":"https:\/\/dannydemiranda.com.br\/index.php?rest_route=%2Fwp%2Fv2%2Fcomments&post=196"}],"version-history":[{"count":26,"href":"https:\/\/dannydemiranda.com.br\/index.php?rest_route=\/wp\/v2\/pages\/196\/revisions"}],"predecessor-version":[{"id":1226,"href":"https:\/\/dannydemiranda.com.br\/index.php?rest_route=\/wp\/v2\/pages\/196\/revisions\/1226"}],"wp:attachment":[{"href":"https:\/\/dannydemiranda.com.br\/index.php?rest_route=%2Fwp%2Fv2%2Fmedia&parent=196"}],"curies":[{"name":"wp","href":"https:\/\/api.w.org\/{rel}","templated":true}]}}