{"id":159,"date":"2025-11-24T15:05:23","date_gmt":"2025-11-24T18:05:23","guid":{"rendered":"https:\/\/dannydemiranda.com.br\/?page_id=159"},"modified":"2026-04-06T10:52:05","modified_gmt":"2026-04-06T13:52:05","slug":"livros","status":"publish","type":"page","link":"https:\/\/dannydemiranda.com.br\/?page_id=159","title":{"rendered":"Livros"},"content":{"rendered":"\t\t<div data-elementor-type=\"wp-page\" data-elementor-id=\"159\" class=\"elementor elementor-159\">\n\t\t\t\t<div class=\"elementor-element elementor-element-b43e4f3 e-flex e-con-boxed e-con e-parent\" data-id=\"b43e4f3\" data-element_type=\"container\" data-e-type=\"container\">\n\t\t\t\t\t<div class=\"e-con-inner\">\n\t\t\t\t<div class=\"elementor-element elementor-element-aaa134c elementor-widget elementor-widget-text-editor\" data-id=\"aaa134c\" data-element_type=\"widget\" data-e-type=\"widget\" data-widget_type=\"text-editor.default\">\n\t\t\t\t<div class=\"elementor-widget-container\">\n\t\t\t\t\t\t\t\t\t<p><em>(p\u00e1gina em constru\u00e7\u00e3o)<\/em><\/p>\t\t\t\t\t\t\t\t<\/div>\n\t\t\t\t<\/div>\n\t\t\t\t<div class=\"elementor-element elementor-element-1f14618 elementor-widget elementor-widget-text-editor\" data-id=\"1f14618\" data-element_type=\"widget\" data-e-type=\"widget\" data-widget_type=\"text-editor.default\">\n\t\t\t\t<div class=\"elementor-widget-container\">\n\t\t\t\t\t\t\t\t\t<p>Danny, com sua imagina\u00e7\u00e3o f\u00e9rtil e criatividade marcante, j\u00e1 escreveu livros de hist\u00f3rias fict\u00edcias inteiramente criadas por ele. Suas obras revelam universos originais, personagens cativantes e narrativas que refletem sua vis\u00e3o \u00fanica e seu talento para contar hist\u00f3rias.Veja abaixo algumas dessas cria\u00e7\u00f5es.<\/p>\t\t\t\t\t\t\t\t<\/div>\n\t\t\t\t<\/div>\n\t\t\t\t\t<\/div>\n\t\t\t\t<\/div>\n\t\t<div class=\"elementor-element elementor-element-7c3736f e-flex e-con-boxed e-con e-parent\" data-id=\"7c3736f\" data-element_type=\"container\" data-e-type=\"container\">\n\t\t\t\t\t<div class=\"e-con-inner\">\n\t\t<div class=\"elementor-element elementor-element-f1bf603 e-con-full e-flex e-con e-child\" data-id=\"f1bf603\" data-element_type=\"container\" data-e-type=\"container\">\n\t\t\t\t<\/div>\n\t\t<div class=\"elementor-element elementor-element-3b82c36 e-con-full e-flex e-con e-child\" data-id=\"3b82c36\" data-element_type=\"container\" data-e-type=\"container\">\n\t\t\t\t<div class=\"elementor-element elementor-element-aed7503 elementor-widget elementor-widget-image\" data-id=\"aed7503\" data-element_type=\"widget\" data-e-type=\"widget\" data-widget_type=\"image.default\">\n\t\t\t\t<div class=\"elementor-widget-container\">\n\t\t\t\t\t\t\t\t\t\t\t\t\t\t\t\t<a href=\"http:\/\/dannydemiranda.com.br\/wp-content\/uploads\/2026\/02\/guimor.pdf\" target=\"_blank\">\n\t\t\t\t\t\t\t<img fetchpriority=\"high\" decoding=\"async\" width=\"950\" height=\"674\" src=\"https:\/\/dannydemiranda.com.br\/wp-content\/uploads\/2025\/12\/livroFINAL_022-1024x726.jpg\" class=\"attachment-large size-large wp-image-415\" alt=\"\" srcset=\"https:\/\/dannydemiranda.com.br\/wp-content\/uploads\/2025\/12\/livroFINAL_022-1024x726.jpg 1024w, https:\/\/dannydemiranda.com.br\/wp-content\/uploads\/2025\/12\/livroFINAL_022-300x213.jpg 300w, https:\/\/dannydemiranda.com.br\/wp-content\/uploads\/2025\/12\/livroFINAL_022-1536x1090.jpg 1536w, https:\/\/dannydemiranda.com.br\/wp-content\/uploads\/2025\/12\/livroFINAL_022.jpg 1748w\" sizes=\"100vw\" \/>\t\t\t\t\t\t\t\t<\/a>\n\t\t\t\t\t\t\t\t\t\t\t\t\t\t\t<\/div>\n\t\t\t\t<\/div>\n\t\t\t\t<div class=\"elementor-element elementor-element-8684332 elementor-widget elementor-widget-text-editor\" data-id=\"8684332\" data-element_type=\"widget\" data-e-type=\"widget\" data-widget_type=\"text-editor.default\">\n\t\t\t\t<div class=\"elementor-widget-container\">\n\t\t\t\t\t\t\t\t\t<h3>Guim\u00f3r e os Her\u00f3is\u00a0<\/h3>\t\t\t\t\t\t\t\t<\/div>\n\t\t\t\t<\/div>\n\t\t\t\t<\/div>\n\t\t<div class=\"elementor-element elementor-element-f211167 e-con-full e-flex e-con e-child\" data-id=\"f211167\" data-element_type=\"container\" data-e-type=\"container\">\n\t\t\t\t<\/div>\n\t\t\t\t\t<\/div>\n\t\t\t\t<\/div>\n\t\t<div class=\"elementor-element elementor-element-93ee3c9 e-flex e-con-boxed e-con e-parent\" data-id=\"93ee3c9\" data-element_type=\"container\" data-e-type=\"container\">\n\t\t\t\t\t<div class=\"e-con-inner\">\n\t\t\t\t<div class=\"elementor-element elementor-element-b313628 elementor-widget elementor-widget-text-editor\" data-id=\"b313628\" data-element_type=\"widget\" data-e-type=\"widget\" data-widget_type=\"text-editor.default\">\n\t\t\t\t<div class=\"elementor-widget-container\">\n\t\t\t\t\t\t\t\t\t<h4>Lan\u00e7amento do livro Guim\u00f3r e os Her\u00f3is\u00a0<\/h4>\t\t\t\t\t\t\t\t<\/div>\n\t\t\t\t<\/div>\n\t\t\t\t\t<\/div>\n\t\t\t\t<\/div>\n\t\t<div class=\"elementor-element elementor-element-a46c37b e-flex e-con-boxed e-con e-parent\" data-id=\"a46c37b\" data-element_type=\"container\" data-e-type=\"container\">\n\t\t\t\t\t<div class=\"e-con-inner\">\n\t\t\t\t<div class=\"elementor-element elementor-element-1afeaa3 elementor-arrows-position-inside elementor-pagination-position-outside elementor-widget elementor-widget-image-carousel\" data-id=\"1afeaa3\" data-element_type=\"widget\" data-e-type=\"widget\" data-settings=\"{&quot;navigation&quot;:&quot;both&quot;,&quot;autoplay&quot;:&quot;yes&quot;,&quot;pause_on_hover&quot;:&quot;yes&quot;,&quot;pause_on_interaction&quot;:&quot;yes&quot;,&quot;autoplay_speed&quot;:5000,&quot;infinite&quot;:&quot;yes&quot;,&quot;speed&quot;:500}\" data-widget_type=\"image-carousel.default\">\n\t\t\t\t<div class=\"elementor-widget-container\">\n\t\t\t\t\t\t\t<div class=\"elementor-image-carousel-wrapper swiper\" role=\"region\" aria-roledescription=\"carousel\" aria-label=\"Image Carousel\" dir=\"ltr\">\n\t\t\t<div class=\"elementor-image-carousel swiper-wrapper\" aria-live=\"off\">\n\t\t\t\t\t\t\t\t<div class=\"swiper-slide\" role=\"group\" aria-roledescription=\"slide\" aria-label=\"1 of 14\"><a data-elementor-open-lightbox=\"yes\" data-elementor-lightbox-slideshow=\"1afeaa3\" data-elementor-lightbox-title=\"Lan\u00e7amento do livro Guim\u00f3r e os Her\u00f3is\u00a0\" data-e-action-hash=\"#elementor-action%3Aaction%3Dlightbox%26settings%3DeyJpZCI6ODg2LCJ1cmwiOiJodHRwczpcL1wvZGFubnlkZW1pcmFuZGEuY29tLmJyXC93cC1jb250ZW50XC91cGxvYWRzXC8yMDI2XC8wMlwvTGFuY2FtZW50by1kby1saXZyby1HdWltb3ItZS1vcy1IZXJvaXMtMi1zY2FsZWQuanBnIiwic2xpZGVzaG93IjoiMWFmZWFhMyJ9\" href=\"https:\/\/dannydemiranda.com.br\/wp-content\/uploads\/2026\/02\/Lancamento-do-livro-Guimor-e-os-Herois-2-scaled.jpg\"><figure class=\"swiper-slide-inner\"><img decoding=\"async\" class=\"swiper-slide-image\" src=\"https:\/\/dannydemiranda.com.br\/wp-content\/uploads\/2026\/02\/Lancamento-do-livro-Guimor-e-os-Herois-2-300x225.jpg\" alt=\"Lan\u00e7amento do livro Guim\u00f3r e os Her\u00f3is\u00a0\" \/><\/figure><\/a><\/div><div class=\"swiper-slide\" role=\"group\" aria-roledescription=\"slide\" aria-label=\"2 of 14\"><a data-elementor-open-lightbox=\"yes\" data-elementor-lightbox-slideshow=\"1afeaa3\" data-elementor-lightbox-title=\"Lan\u00e7amento do livro Guim\u00f3r e os Her\u00f3is\u00a0\" data-e-action-hash=\"#elementor-action%3Aaction%3Dlightbox%26settings%3DeyJpZCI6OTAwLCJ1cmwiOiJodHRwczpcL1wvZGFubnlkZW1pcmFuZGEuY29tLmJyXC93cC1jb250ZW50XC91cGxvYWRzXC8yMDI2XC8wMlwvTGFuY2FtZW50by1kby1saXZyby1HdWltb3ItZS1vcy1IZXJvaXMtLXNjYWxlZC5qcGciLCJzbGlkZXNob3ciOiIxYWZlYWEzIn0%3D\" href=\"https:\/\/dannydemiranda.com.br\/wp-content\/uploads\/2026\/02\/Lancamento-do-livro-Guimor-e-os-Herois--scaled.jpg\"><figure class=\"swiper-slide-inner\"><img decoding=\"async\" class=\"swiper-slide-image\" src=\"https:\/\/dannydemiranda.com.br\/wp-content\/uploads\/2026\/02\/Lancamento-do-livro-Guimor-e-os-Herois--300x225.jpg\" alt=\"Lan\u00e7amento do livro Guim\u00f3r e os Her\u00f3is\u00a0\" \/><\/figure><\/a><\/div><div class=\"swiper-slide\" role=\"group\" aria-roledescription=\"slide\" aria-label=\"3 of 14\"><a data-elementor-open-lightbox=\"yes\" data-elementor-lightbox-slideshow=\"1afeaa3\" data-elementor-lightbox-title=\"Lan\u00e7amento do livro Guim\u00f3r e os Her\u00f3is\u00a0\" data-e-action-hash=\"#elementor-action%3Aaction%3Dlightbox%26settings%3DeyJpZCI6ODk3LCJ1cmwiOiJodHRwczpcL1wvZGFubnlkZW1pcmFuZGEuY29tLmJyXC93cC1jb250ZW50XC91cGxvYWRzXC8yMDI2XC8wMlwvTGFuY2FtZW50by1kby1saXZyby1HdWltb3ItZS1vcy1IZXJvaXMtMTMtc2NhbGVkLmpwZyIsInNsaWRlc2hvdyI6IjFhZmVhYTMifQ%3D%3D\" href=\"https:\/\/dannydemiranda.com.br\/wp-content\/uploads\/2026\/02\/Lancamento-do-livro-Guimor-e-os-Herois-13-scaled.jpg\"><figure class=\"swiper-slide-inner\"><img decoding=\"async\" class=\"swiper-slide-image\" src=\"https:\/\/dannydemiranda.com.br\/wp-content\/uploads\/2026\/02\/Lancamento-do-livro-Guimor-e-os-Herois-13-300x225.jpg\" alt=\"Lan\u00e7amento do livro Guim\u00f3r e os Her\u00f3is\u00a0\" \/><\/figure><\/a><\/div><div class=\"swiper-slide\" role=\"group\" aria-roledescription=\"slide\" aria-label=\"4 of 14\"><a data-elementor-open-lightbox=\"yes\" data-elementor-lightbox-slideshow=\"1afeaa3\" data-elementor-lightbox-title=\"Lan\u00e7amento do livro Guim\u00f3r e os Her\u00f3is\u00a0\" data-e-action-hash=\"#elementor-action%3Aaction%3Dlightbox%26settings%3DeyJpZCI6ODkyLCJ1cmwiOiJodHRwczpcL1wvZGFubnlkZW1pcmFuZGEuY29tLmJyXC93cC1jb250ZW50XC91cGxvYWRzXC8yMDI2XC8wMlwvTGFuY2FtZW50by1kby1saXZyby1HdWltb3ItZS1vcy1IZXJvaXMtOC1zY2FsZWQuanBnIiwic2xpZGVzaG93IjoiMWFmZWFhMyJ9\" href=\"https:\/\/dannydemiranda.com.br\/wp-content\/uploads\/2026\/02\/Lancamento-do-livro-Guimor-e-os-Herois-8-scaled.jpg\"><figure class=\"swiper-slide-inner\"><img decoding=\"async\" class=\"swiper-slide-image\" src=\"https:\/\/dannydemiranda.com.br\/wp-content\/uploads\/2026\/02\/Lancamento-do-livro-Guimor-e-os-Herois-8-300x225.jpg\" alt=\"Lan\u00e7amento do livro Guim\u00f3r e os Her\u00f3is\u00a0\" \/><\/figure><\/a><\/div><div class=\"swiper-slide\" role=\"group\" aria-roledescription=\"slide\" aria-label=\"5 of 14\"><a data-elementor-open-lightbox=\"yes\" data-elementor-lightbox-slideshow=\"1afeaa3\" data-elementor-lightbox-title=\"Lan\u00e7amento do livro Guim\u00f3r e os Her\u00f3is\u00a0\" data-e-action-hash=\"#elementor-action%3Aaction%3Dlightbox%26settings%3DeyJpZCI6ODk0LCJ1cmwiOiJodHRwczpcL1wvZGFubnlkZW1pcmFuZGEuY29tLmJyXC93cC1jb250ZW50XC91cGxvYWRzXC8yMDI2XC8wMlwvTGFuY2FtZW50by1kby1saXZyby1HdWltb3ItZS1vcy1IZXJvaXMtMTAtc2NhbGVkLmpwZyIsInNsaWRlc2hvdyI6IjFhZmVhYTMifQ%3D%3D\" href=\"https:\/\/dannydemiranda.com.br\/wp-content\/uploads\/2026\/02\/Lancamento-do-livro-Guimor-e-os-Herois-10-scaled.jpg\"><figure class=\"swiper-slide-inner\"><img decoding=\"async\" class=\"swiper-slide-image\" src=\"https:\/\/dannydemiranda.com.br\/wp-content\/uploads\/2026\/02\/Lancamento-do-livro-Guimor-e-os-Herois-10-300x225.jpg\" alt=\"Lan\u00e7amento do livro Guim\u00f3r e os Her\u00f3is\u00a0\" \/><\/figure><\/a><\/div><div class=\"swiper-slide\" role=\"group\" aria-roledescription=\"slide\" aria-label=\"6 of 14\"><a data-elementor-open-lightbox=\"yes\" data-elementor-lightbox-slideshow=\"1afeaa3\" data-elementor-lightbox-title=\"Lan\u00e7amento do livro Guim\u00f3r e os Her\u00f3is\u00a0\" data-e-action-hash=\"#elementor-action%3Aaction%3Dlightbox%26settings%3DeyJpZCI6ODkwLCJ1cmwiOiJodHRwczpcL1wvZGFubnlkZW1pcmFuZGEuY29tLmJyXC93cC1jb250ZW50XC91cGxvYWRzXC8yMDI2XC8wMlwvTGFuY2FtZW50by1kby1saXZyby1HdWltb3ItZS1vcy1IZXJvaXMtNi1zY2FsZWQuanBnIiwic2xpZGVzaG93IjoiMWFmZWFhMyJ9\" href=\"https:\/\/dannydemiranda.com.br\/wp-content\/uploads\/2026\/02\/Lancamento-do-livro-Guimor-e-os-Herois-6-scaled.jpg\"><figure class=\"swiper-slide-inner\"><img decoding=\"async\" class=\"swiper-slide-image\" src=\"https:\/\/dannydemiranda.com.br\/wp-content\/uploads\/2026\/02\/Lancamento-do-livro-Guimor-e-os-Herois-6-300x225.jpg\" alt=\"Lan\u00e7amento do livro Guim\u00f3r e os Her\u00f3is\u00a0\" \/><\/figure><\/a><\/div><div class=\"swiper-slide\" role=\"group\" aria-roledescription=\"slide\" aria-label=\"7 of 14\"><a data-elementor-open-lightbox=\"yes\" data-elementor-lightbox-slideshow=\"1afeaa3\" data-elementor-lightbox-title=\"Lan\u00e7amento do livro Guim\u00f3r e os Her\u00f3is\u00a0\" data-e-action-hash=\"#elementor-action%3Aaction%3Dlightbox%26settings%3DeyJpZCI6ODk5LCJ1cmwiOiJodHRwczpcL1wvZGFubnlkZW1pcmFuZGEuY29tLmJyXC93cC1jb250ZW50XC91cGxvYWRzXC8yMDI2XC8wMlwvTGFuY2FtZW50by1kby1saXZyby1HdWltb3ItZS1vcy1IZXJvaXMtMTUtc2NhbGVkLmpwZyIsInNsaWRlc2hvdyI6IjFhZmVhYTMifQ%3D%3D\" href=\"https:\/\/dannydemiranda.com.br\/wp-content\/uploads\/2026\/02\/Lancamento-do-livro-Guimor-e-os-Herois-15-scaled.jpg\"><figure class=\"swiper-slide-inner\"><img decoding=\"async\" class=\"swiper-slide-image\" src=\"https:\/\/dannydemiranda.com.br\/wp-content\/uploads\/2026\/02\/Lancamento-do-livro-Guimor-e-os-Herois-15-300x225.jpg\" alt=\"Lan\u00e7amento do livro Guim\u00f3r e os Her\u00f3is\u00a0\" \/><\/figure><\/a><\/div><div class=\"swiper-slide\" role=\"group\" aria-roledescription=\"slide\" aria-label=\"8 of 14\"><a data-elementor-open-lightbox=\"yes\" data-elementor-lightbox-slideshow=\"1afeaa3\" data-elementor-lightbox-title=\"Lan\u00e7amento do livro Guim\u00f3r e os Her\u00f3is\u00a0\" data-e-action-hash=\"#elementor-action%3Aaction%3Dlightbox%26settings%3DeyJpZCI6ODk2LCJ1cmwiOiJodHRwczpcL1wvZGFubnlkZW1pcmFuZGEuY29tLmJyXC93cC1jb250ZW50XC91cGxvYWRzXC8yMDI2XC8wMlwvTGFuY2FtZW50by1kby1saXZyby1HdWltb3ItZS1vcy1IZXJvaXMtMTItc2NhbGVkLmpwZyIsInNsaWRlc2hvdyI6IjFhZmVhYTMifQ%3D%3D\" href=\"https:\/\/dannydemiranda.com.br\/wp-content\/uploads\/2026\/02\/Lancamento-do-livro-Guimor-e-os-Herois-12-scaled.jpg\"><figure class=\"swiper-slide-inner\"><img decoding=\"async\" class=\"swiper-slide-image\" src=\"https:\/\/dannydemiranda.com.br\/wp-content\/uploads\/2026\/02\/Lancamento-do-livro-Guimor-e-os-Herois-12-300x225.jpg\" alt=\"Lan\u00e7amento do livro Guim\u00f3r e os Her\u00f3is\u00a0\" \/><\/figure><\/a><\/div><div class=\"swiper-slide\" role=\"group\" aria-roledescription=\"slide\" aria-label=\"9 of 14\"><a data-elementor-open-lightbox=\"yes\" data-elementor-lightbox-slideshow=\"1afeaa3\" data-elementor-lightbox-title=\"Lan\u00e7amento do livro Guim\u00f3r e os Her\u00f3is\u00a0\" data-e-action-hash=\"#elementor-action%3Aaction%3Dlightbox%26settings%3DeyJpZCI6ODk1LCJ1cmwiOiJodHRwczpcL1wvZGFubnlkZW1pcmFuZGEuY29tLmJyXC93cC1jb250ZW50XC91cGxvYWRzXC8yMDI2XC8wMlwvTGFuY2FtZW50by1kby1saXZyby1HdWltb3ItZS1vcy1IZXJvaXMtMTEtc2NhbGVkLmpwZyIsInNsaWRlc2hvdyI6IjFhZmVhYTMifQ%3D%3D\" href=\"https:\/\/dannydemiranda.com.br\/wp-content\/uploads\/2026\/02\/Lancamento-do-livro-Guimor-e-os-Herois-11-scaled.jpg\"><figure class=\"swiper-slide-inner\"><img decoding=\"async\" class=\"swiper-slide-image\" src=\"https:\/\/dannydemiranda.com.br\/wp-content\/uploads\/2026\/02\/Lancamento-do-livro-Guimor-e-os-Herois-11-300x225.jpg\" alt=\"Lan\u00e7amento do livro Guim\u00f3r e os Her\u00f3is\u00a0\" \/><\/figure><\/a><\/div><div class=\"swiper-slide\" role=\"group\" aria-roledescription=\"slide\" aria-label=\"10 of 14\"><a data-elementor-open-lightbox=\"yes\" data-elementor-lightbox-slideshow=\"1afeaa3\" data-elementor-lightbox-title=\"Lan\u00e7amento do livro Guim\u00f3r e os Her\u00f3is\u00a0\" data-e-action-hash=\"#elementor-action%3Aaction%3Dlightbox%26settings%3DeyJpZCI6ODg3LCJ1cmwiOiJodHRwczpcL1wvZGFubnlkZW1pcmFuZGEuY29tLmJyXC93cC1jb250ZW50XC91cGxvYWRzXC8yMDI2XC8wMlwvTGFuY2FtZW50by1kby1saXZyby1HdWltb3ItZS1vcy1IZXJvaXMtMy1zY2FsZWQuanBnIiwic2xpZGVzaG93IjoiMWFmZWFhMyJ9\" href=\"https:\/\/dannydemiranda.com.br\/wp-content\/uploads\/2026\/02\/Lancamento-do-livro-Guimor-e-os-Herois-3-scaled.jpg\"><figure class=\"swiper-slide-inner\"><img decoding=\"async\" class=\"swiper-slide-image\" src=\"https:\/\/dannydemiranda.com.br\/wp-content\/uploads\/2026\/02\/Lancamento-do-livro-Guimor-e-os-Herois-3-300x225.jpg\" alt=\"Lan\u00e7amento do livro Guim\u00f3r e os Her\u00f3is\u00a0\" \/><\/figure><\/a><\/div><div class=\"swiper-slide\" role=\"group\" aria-roledescription=\"slide\" aria-label=\"11 of 14\"><a data-elementor-open-lightbox=\"yes\" data-elementor-lightbox-slideshow=\"1afeaa3\" data-elementor-lightbox-title=\"Lan\u00e7amento do livro Guim\u00f3r e os Her\u00f3is\u00a0\" data-e-action-hash=\"#elementor-action%3Aaction%3Dlightbox%26settings%3DeyJpZCI6ODkzLCJ1cmwiOiJodHRwczpcL1wvZGFubnlkZW1pcmFuZGEuY29tLmJyXC93cC1jb250ZW50XC91cGxvYWRzXC8yMDI2XC8wMlwvTGFuY2FtZW50by1kby1saXZyby1HdWltb3ItZS1vcy1IZXJvaXMtOS1zY2FsZWQuanBnIiwic2xpZGVzaG93IjoiMWFmZWFhMyJ9\" href=\"https:\/\/dannydemiranda.com.br\/wp-content\/uploads\/2026\/02\/Lancamento-do-livro-Guimor-e-os-Herois-9-scaled.jpg\"><figure class=\"swiper-slide-inner\"><img decoding=\"async\" class=\"swiper-slide-image\" src=\"https:\/\/dannydemiranda.com.br\/wp-content\/uploads\/2026\/02\/Lancamento-do-livro-Guimor-e-os-Herois-9-225x300.jpg\" alt=\"Lan\u00e7amento do livro Guim\u00f3r e os Her\u00f3is\u00a0\" \/><\/figure><\/a><\/div><div class=\"swiper-slide\" role=\"group\" aria-roledescription=\"slide\" aria-label=\"12 of 14\"><a data-elementor-open-lightbox=\"yes\" data-elementor-lightbox-slideshow=\"1afeaa3\" data-elementor-lightbox-title=\"Lan\u00e7amento do livro Guim\u00f3r e os Her\u00f3is\u00a0\" data-e-action-hash=\"#elementor-action%3Aaction%3Dlightbox%26settings%3DeyJpZCI6ODg4LCJ1cmwiOiJodHRwczpcL1wvZGFubnlkZW1pcmFuZGEuY29tLmJyXC93cC1jb250ZW50XC91cGxvYWRzXC8yMDI2XC8wMlwvTGFuY2FtZW50by1kby1saXZyby1HdWltb3ItZS1vcy1IZXJvaXMtNC1zY2FsZWQuanBnIiwic2xpZGVzaG93IjoiMWFmZWFhMyJ9\" href=\"https:\/\/dannydemiranda.com.br\/wp-content\/uploads\/2026\/02\/Lancamento-do-livro-Guimor-e-os-Herois-4-scaled.jpg\"><figure class=\"swiper-slide-inner\"><img decoding=\"async\" class=\"swiper-slide-image\" src=\"https:\/\/dannydemiranda.com.br\/wp-content\/uploads\/2026\/02\/Lancamento-do-livro-Guimor-e-os-Herois-4-225x300.jpg\" alt=\"Lan\u00e7amento do livro Guim\u00f3r e os Her\u00f3is\u00a0\" \/><\/figure><\/a><\/div><div class=\"swiper-slide\" role=\"group\" aria-roledescription=\"slide\" aria-label=\"13 of 14\"><a data-elementor-open-lightbox=\"yes\" data-elementor-lightbox-slideshow=\"1afeaa3\" data-elementor-lightbox-title=\"Lan\u00e7amento do livro Guim\u00f3r e os Her\u00f3is\u00a0\" data-e-action-hash=\"#elementor-action%3Aaction%3Dlightbox%26settings%3DeyJpZCI6ODk4LCJ1cmwiOiJodHRwczpcL1wvZGFubnlkZW1pcmFuZGEuY29tLmJyXC93cC1jb250ZW50XC91cGxvYWRzXC8yMDI2XC8wMlwvTGFuY2FtZW50by1kby1saXZyby1HdWltb3ItZS1vcy1IZXJvaXMtMTQtc2NhbGVkLmpwZyIsInNsaWRlc2hvdyI6IjFhZmVhYTMifQ%3D%3D\" href=\"https:\/\/dannydemiranda.com.br\/wp-content\/uploads\/2026\/02\/Lancamento-do-livro-Guimor-e-os-Herois-14-scaled.jpg\"><figure class=\"swiper-slide-inner\"><img decoding=\"async\" class=\"swiper-slide-image\" src=\"https:\/\/dannydemiranda.com.br\/wp-content\/uploads\/2026\/02\/Lancamento-do-livro-Guimor-e-os-Herois-14-225x300.jpg\" alt=\"Lan\u00e7amento do livro Guim\u00f3r e os Her\u00f3is\u00a0\" \/><\/figure><\/a><\/div><div class=\"swiper-slide\" role=\"group\" aria-roledescription=\"slide\" aria-label=\"14 of 14\"><a data-elementor-open-lightbox=\"yes\" data-elementor-lightbox-slideshow=\"1afeaa3\" data-elementor-lightbox-title=\"Lan\u00e7amento do livro Guim\u00f3r e os Her\u00f3is\u00a0\" data-e-action-hash=\"#elementor-action%3Aaction%3Dlightbox%26settings%3DeyJpZCI6ODg5LCJ1cmwiOiJodHRwczpcL1wvZGFubnlkZW1pcmFuZGEuY29tLmJyXC93cC1jb250ZW50XC91cGxvYWRzXC8yMDI2XC8wMlwvTGFuY2FtZW50by1kby1saXZyby1HdWltb3ItZS1vcy1IZXJvaXMtNS1zY2FsZWQuanBnIiwic2xpZGVzaG93IjoiMWFmZWFhMyJ9\" href=\"https:\/\/dannydemiranda.com.br\/wp-content\/uploads\/2026\/02\/Lancamento-do-livro-Guimor-e-os-Herois-5-scaled.jpg\"><figure class=\"swiper-slide-inner\"><img decoding=\"async\" class=\"swiper-slide-image\" src=\"https:\/\/dannydemiranda.com.br\/wp-content\/uploads\/2026\/02\/Lancamento-do-livro-Guimor-e-os-Herois-5-225x300.jpg\" alt=\"Lan\u00e7amento do livro Guim\u00f3r e os Her\u00f3is\u00a0\" \/><\/figure><\/a><\/div>\t\t\t<\/div>\n\t\t\t\t\t\t\t\t\t\t\t\t<div class=\"elementor-swiper-button elementor-swiper-button-prev\" role=\"button\" tabindex=\"0\">\n\t\t\t\t\t\t<svg aria-hidden=\"true\" class=\"e-font-icon-svg e-eicon-chevron-left\" viewBox=\"0 0 1000 1000\" xmlns=\"http:\/\/www.w3.org\/2000\/svg\"><path d=\"M646 125C629 125 613 133 604 142L308 442C296 454 292 471 292 487 292 504 296 521 308 533L604 854C617 867 629 875 646 875 663 875 679 871 692 858 704 846 713 829 713 812 713 796 708 779 692 767L438 487 692 225C700 217 708 204 708 187 708 171 704 154 692 142 675 129 663 125 646 125Z\"><\/path><\/svg>\t\t\t\t\t<\/div>\n\t\t\t\t\t<div class=\"elementor-swiper-button elementor-swiper-button-next\" role=\"button\" tabindex=\"0\">\n\t\t\t\t\t\t<svg aria-hidden=\"true\" class=\"e-font-icon-svg e-eicon-chevron-right\" viewBox=\"0 0 1000 1000\" xmlns=\"http:\/\/www.w3.org\/2000\/svg\"><path d=\"M696 533C708 521 713 504 713 487 713 471 708 454 696 446L400 146C388 133 375 125 354 125 338 125 325 129 313 142 300 154 292 171 292 187 292 204 296 221 308 233L563 492 304 771C292 783 288 800 288 817 288 833 296 850 308 863 321 871 338 875 354 875 371 875 388 867 400 854L696 533Z\"><\/path><\/svg>\t\t\t\t\t<\/div>\n\t\t\t\t\n\t\t\t\t\t\t\t\t\t<div class=\"swiper-pagination\"><\/div>\n\t\t\t\t\t\t\t\t\t<\/div>\n\t\t\t\t\t\t<\/div>\n\t\t\t\t<\/div>\n\t\t\t\t\t<\/div>\n\t\t\t\t<\/div>\n\t\t\t\t<\/div>\n\t\t","protected":false},"excerpt":{"rendered":"<p>(p\u00e1gina em constru\u00e7\u00e3o) Danny, com sua imagina\u00e7\u00e3o f\u00e9rtil e criatividade marcante, j\u00e1 escreveu livros de hist\u00f3rias fict\u00edcias inteiramente criadas por ele. Suas obras revelam universos originais, personagens cativantes e narrativas que refletem sua vis\u00e3o \u00fanica e seu talento para contar hist\u00f3rias.Veja abaixo algumas dessas cria\u00e7\u00f5es. Guim\u00f3r e os Her\u00f3is\u00a0 Lan\u00e7amento do livro Guim\u00f3r e os &hellip; <\/p>\n<p class=\"link-more\"><a href=\"https:\/\/dannydemiranda.com.br\/?page_id=159\" class=\"more-link\">Read more<span class=\"screen-reader-text\"> &#8220;Livros&#8221;<\/span><\/a><\/p>\n","protected":false},"author":1,"featured_media":0,"parent":0,"menu_order":0,"comment_status":"closed","ping_status":"closed","template":"","meta":{"inspiro_hide_title":false,"footnotes":""},"class_list":["post-159","page","type-page","status-publish","hentry"],"_links":{"self":[{"href":"https:\/\/dannydemiranda.com.br\/index.php?rest_route=\/wp\/v2\/pages\/159","targetHints":{"allow":["GET"]}}],"collection":[{"href":"https:\/\/dannydemiranda.com.br\/index.php?rest_route=\/wp\/v2\/pages"}],"about":[{"href":"https:\/\/dannydemiranda.com.br\/index.php?rest_route=\/wp\/v2\/types\/page"}],"author":[{"embeddable":true,"href":"https:\/\/dannydemiranda.com.br\/index.php?rest_route=\/wp\/v2\/users\/1"}],"replies":[{"embeddable":true,"href":"https:\/\/dannydemiranda.com.br\/index.php?rest_route=%2Fwp%2Fv2%2Fcomments&post=159"}],"version-history":[{"count":25,"href":"https:\/\/dannydemiranda.com.br\/index.php?rest_route=\/wp\/v2\/pages\/159\/revisions"}],"predecessor-version":[{"id":1271,"href":"https:\/\/dannydemiranda.com.br\/index.php?rest_route=\/wp\/v2\/pages\/159\/revisions\/1271"}],"wp:attachment":[{"href":"https:\/\/dannydemiranda.com.br\/index.php?rest_route=%2Fwp%2Fv2%2Fmedia&parent=159"}],"curies":[{"name":"wp","href":"https:\/\/api.w.org\/{rel}","templated":true}]}}