{"id":123,"date":"2025-11-24T14:45:16","date_gmt":"2025-11-24T17:45:16","guid":{"rendered":"https:\/\/dannydemiranda.com.br\/?page_id=123"},"modified":"2025-12-23T11:12:08","modified_gmt":"2025-12-23T14:12:08","slug":"videos","status":"publish","type":"page","link":"https:\/\/dannydemiranda.com.br\/?page_id=123","title":{"rendered":"Campanhas"},"content":{"rendered":"\t\t<div data-elementor-type=\"wp-page\" data-elementor-id=\"123\" class=\"elementor elementor-123\">\n\t\t\t\t<div class=\"elementor-element elementor-element-600fb65 e-flex e-con-boxed e-con e-parent\" data-id=\"600fb65\" data-element_type=\"container\" data-e-type=\"container\">\n\t\t\t\t\t<div class=\"e-con-inner\">\n\t\t\t\t<div class=\"elementor-element elementor-element-c8346a0 elementor-widget elementor-widget-text-editor\" data-id=\"c8346a0\" data-element_type=\"widget\" data-e-type=\"widget\" data-widget_type=\"text-editor.default\">\n\t\t\t\t<div class=\"elementor-widget-container\">\n\t\t\t\t\t\t\t\t\t<p>Ao longo de sua vida, Danny esteve envolvido em diferentes campanhas, atuando com comprometimento e contribuindo para o sucesso das iniciativas. Veja alguns exemplos abaixo.<\/p>\t\t\t\t\t\t\t\t<\/div>\n\t\t\t\t<\/div>\n\t\t\t\t<div class=\"elementor-element elementor-element-8022cdf elementor-widget elementor-widget-heading\" data-id=\"8022cdf\" data-element_type=\"widget\" data-e-type=\"widget\" data-widget_type=\"heading.default\">\n\t\t\t\t<div class=\"elementor-widget-container\">\n\t\t\t\t\t<h2 class=\"elementor-heading-title elementor-size-default\">Ser M\u00e3e \u00e9 Estar no Seu Melhor Momento<\/h2>\t\t\t\t<\/div>\n\t\t\t\t<\/div>\n\t\t\t\t<div class=\"elementor-element elementor-element-7892a43 elementor-widget elementor-widget-text-editor\" data-id=\"7892a43\" data-element_type=\"widget\" data-e-type=\"widget\" data-widget_type=\"text-editor.default\">\n\t\t\t\t<div class=\"elementor-widget-container\">\n\t\t\t\t\t\t\t\t\t<p>Em maio de 2022, em homenagem ao Dia das M\u00e3es, Danny participou da campanha &#8220;Ser m\u00e3e \u00e9 estar no seu melhor momento\u201d que mostrou 22 fam\u00edlias, reais e de Campinas e regi\u00e3o, com diferentes perfis de m\u00e3es: solos, jovens, da melhor idade, fitness, roqueiras, de primeira viagem, de pet e at\u00e9 os pais solo, apresentada pelo Parque Dom Pedro Shopping. Confira abaixo!<\/p>\t\t\t\t\t\t\t\t<\/div>\n\t\t\t\t<\/div>\n\t\t\t\t\t<\/div>\n\t\t\t\t<\/div>\n\t\t<div class=\"elementor-element elementor-element-eab3fc7 e-flex e-con-boxed e-con e-parent\" data-id=\"eab3fc7\" data-element_type=\"container\" data-e-type=\"container\">\n\t\t\t\t\t<div class=\"e-con-inner\">\n\t\t<div class=\"elementor-element elementor-element-389d603 e-con-full e-flex e-con e-child\" data-id=\"389d603\" data-element_type=\"container\" data-e-type=\"container\">\n\t\t\t\t<\/div>\n\t\t<div class=\"elementor-element elementor-element-21739be e-con-full e-flex e-con e-child\" data-id=\"21739be\" data-element_type=\"container\" data-e-type=\"container\">\n\t\t\t\t<div class=\"elementor-element elementor-element-c73c3ff elementor-widget elementor-widget-video\" data-id=\"c73c3ff\" data-element_type=\"widget\" data-e-type=\"widget\" data-settings=\"{&quot;youtube_url&quot;:&quot;https:\\\/\\\/www.youtube.com\\\/watch?v=zPIMRFWGXn8&quot;,&quot;video_type&quot;:&quot;youtube&quot;,&quot;controls&quot;:&quot;yes&quot;}\" data-widget_type=\"video.default\">\n\t\t\t\t<div class=\"elementor-widget-container\">\n\t\t\t\t\t\t\t<div class=\"elementor-wrapper elementor-open-inline\">\n\t\t\t<div class=\"elementor-video\"><\/div>\t\t<\/div>\n\t\t\t\t\t\t<\/div>\n\t\t\t\t<\/div>\n\t\t\t\t<\/div>\n\t\t<div class=\"elementor-element elementor-element-421b06b e-con-full e-flex e-con e-child\" data-id=\"421b06b\" data-element_type=\"container\" data-e-type=\"container\">\n\t\t\t\t<\/div>\n\t\t\t\t\t<\/div>\n\t\t\t\t<\/div>\n\t\t<div class=\"elementor-element elementor-element-15fce57 e-flex e-con-boxed e-con e-parent\" data-id=\"15fce57\" data-element_type=\"container\" data-e-type=\"container\">\n\t\t\t\t\t<div class=\"e-con-inner\">\n\t\t\t\t<div class=\"elementor-element elementor-element-49fb8f0 elementor-widget elementor-widget-heading\" data-id=\"49fb8f0\" data-element_type=\"widget\" data-e-type=\"widget\" data-widget_type=\"heading.default\">\n\t\t\t\t<div class=\"elementor-widget-container\">\n\t\t\t\t\t<h2 class=\"elementor-heading-title elementor-size-default\">A For\u00e7a da Inova\u00e7\u00e3o<\/h2>\t\t\t\t<\/div>\n\t\t\t\t<\/div>\n\t\t\t\t<div class=\"elementor-element elementor-element-95a2ca4 elementor-widget elementor-widget-text-editor\" data-id=\"95a2ca4\" data-element_type=\"widget\" data-e-type=\"widget\" data-widget_type=\"text-editor.default\">\n\t\t\t\t<div class=\"elementor-widget-container\">\n\t\t\t\t\t\t\t\t\t<p>Em 2017, Danny participou da campanha \u201cA For\u00e7a da Inova\u00e7\u00e3o\u201d para a Prefeitura de Campinas.<\/p>\t\t\t\t\t\t\t\t<\/div>\n\t\t\t\t<\/div>\n\t\t<div class=\"elementor-element elementor-element-dd2a43d e-con-full e-flex e-con e-child\" data-id=\"dd2a43d\" data-element_type=\"container\" data-e-type=\"container\">\n\t\t<div class=\"elementor-element elementor-element-9c4189a e-con-full e-flex e-con e-child\" data-id=\"9c4189a\" data-element_type=\"container\" data-e-type=\"container\">\n\t\t\t\t<\/div>\n\t\t<div class=\"elementor-element elementor-element-675e4c4 e-con-full e-flex e-con e-child\" data-id=\"675e4c4\" data-element_type=\"container\" data-e-type=\"container\">\n\t\t\t\t<div class=\"elementor-element elementor-element-88dc44e elementor-widget elementor-widget-video\" data-id=\"88dc44e\" data-element_type=\"widget\" data-e-type=\"widget\" data-settings=\"{&quot;youtube_url&quot;:&quot;https:\\\/\\\/youtu.be\\\/VXzsK4KS0vM?si=g66FM-p7KetfAQk7&quot;,&quot;video_type&quot;:&quot;youtube&quot;,&quot;controls&quot;:&quot;yes&quot;}\" data-widget_type=\"video.default\">\n\t\t\t\t<div class=\"elementor-widget-container\">\n\t\t\t\t\t\t\t<div class=\"elementor-wrapper elementor-open-inline\">\n\t\t\t<div class=\"elementor-video\"><\/div>\t\t<\/div>\n\t\t\t\t\t\t<\/div>\n\t\t\t\t<\/div>\n\t\t\t\t<\/div>\n\t\t<div class=\"elementor-element elementor-element-01e57fd e-con-full e-flex e-con e-child\" data-id=\"01e57fd\" data-element_type=\"container\" data-e-type=\"container\">\n\t\t\t\t<\/div>\n\t\t\t\t<\/div>\n\t\t\t\t<div class=\"elementor-element elementor-element-4379bef elementor-widget elementor-widget-heading\" data-id=\"4379bef\" data-element_type=\"widget\" data-e-type=\"widget\" data-widget_type=\"heading.default\">\n\t\t\t\t<div class=\"elementor-widget-container\">\n\t\t\t\t\t<h2 class=\"elementor-heading-title elementor-size-default\">Reveja seus Conceitos<\/h2>\t\t\t\t<\/div>\n\t\t\t\t<\/div>\n\t\t\t\t<div class=\"elementor-element elementor-element-59939f5 elementor-widget elementor-widget-text-editor\" data-id=\"59939f5\" data-element_type=\"widget\" data-e-type=\"widget\" data-widget_type=\"text-editor.default\">\n\t\t\t\t<div class=\"elementor-widget-container\">\n\t\t\t\t\t\t\t\t\t<p>Em dezembro de 2016, Danny participou da campanha publicit\u00e1ria &#8220;Reveja seus Conceitos&#8221;, que surgiu da parceria entre o programa Mobiliza\u00e7\u00e3o para Autonomia, a ag\u00eancia SALA e as Faculdades de Campinas, FACAMP, por interm\u00e9dio dos alunos do 2\u00ba ano do curso de Propaganda e Marketing, coordenados pelos professores da disciplina Propaganda IV, F\u00e1bio Wanderley e Leopoldo Azevedo. Esta iniciativa teve como objetivo central dar visibilidade \u00e0s pessoas com defici\u00eancia, por meio da divulga\u00e7\u00e3o das pe\u00e7as criadas em diversas m\u00eddias como r\u00e1dio, TV, outdoors, jornais, portais e sites. Clique no link e assista!<\/p>\t\t\t\t\t\t\t\t<\/div>\n\t\t\t\t<\/div>\n\t\t\t\t\t<\/div>\n\t\t\t\t<\/div>\n\t\t<div class=\"elementor-element elementor-element-8e73d9b e-flex e-con-boxed e-con e-parent\" data-id=\"8e73d9b\" data-element_type=\"container\" data-e-type=\"container\">\n\t\t\t\t\t<div class=\"e-con-inner\">\n\t\t<div class=\"elementor-element elementor-element-768edd9 e-con-full e-flex e-con e-child\" data-id=\"768edd9\" data-element_type=\"container\" data-e-type=\"container\">\n\t\t\t\t<\/div>\n\t\t<div class=\"elementor-element elementor-element-f195941 e-con-full e-flex e-con e-child\" data-id=\"f195941\" data-element_type=\"container\" data-e-type=\"container\">\n\t\t\t\t<div class=\"elementor-element elementor-element-1c8619c elementor-widget elementor-widget-video\" data-id=\"1c8619c\" data-element_type=\"widget\" data-e-type=\"widget\" data-settings=\"{&quot;youtube_url&quot;:&quot;https:\\\/\\\/www.youtube.com\\\/watch?v=haXTY1J60fE&quot;,&quot;video_type&quot;:&quot;youtube&quot;,&quot;controls&quot;:&quot;yes&quot;}\" data-widget_type=\"video.default\">\n\t\t\t\t<div class=\"elementor-widget-container\">\n\t\t\t\t\t\t\t<div class=\"elementor-wrapper elementor-open-inline\">\n\t\t\t<div class=\"elementor-video\"><\/div>\t\t<\/div>\n\t\t\t\t\t\t<\/div>\n\t\t\t\t<\/div>\n\t\t\t\t<\/div>\n\t\t<div class=\"elementor-element elementor-element-34e8ab6 e-con-full e-flex e-con e-child\" data-id=\"34e8ab6\" data-element_type=\"container\" data-e-type=\"container\">\n\t\t\t\t<\/div>\n\t\t\t\t\t<\/div>\n\t\t\t\t<\/div>\n\t\t\t\t<\/div>\n\t\t","protected":false},"excerpt":{"rendered":"<p>Ao longo de sua vida, Danny esteve envolvido em diferentes campanhas, atuando com comprometimento e contribuindo para o sucesso das iniciativas. Veja alguns exemplos abaixo. Ser M\u00e3e \u00e9 Estar no Seu Melhor Momento Em maio de 2022, em homenagem ao Dia das M\u00e3es, Danny participou da campanha &#8220;Ser m\u00e3e \u00e9 estar no seu melhor momento\u201d &hellip; <\/p>\n<p class=\"link-more\"><a href=\"https:\/\/dannydemiranda.com.br\/?page_id=123\" class=\"more-link\">Read more<span class=\"screen-reader-text\"> &#8220;Campanhas&#8221;<\/span><\/a><\/p>\n","protected":false},"author":1,"featured_media":0,"parent":0,"menu_order":0,"comment_status":"closed","ping_status":"closed","template":"","meta":{"inspiro_hide_title":false,"footnotes":""},"class_list":["post-123","page","type-page","status-publish","hentry"],"_links":{"self":[{"href":"https:\/\/dannydemiranda.com.br\/index.php?rest_route=\/wp\/v2\/pages\/123","targetHints":{"allow":["GET"]}}],"collection":[{"href":"https:\/\/dannydemiranda.com.br\/index.php?rest_route=\/wp\/v2\/pages"}],"about":[{"href":"https:\/\/dannydemiranda.com.br\/index.php?rest_route=\/wp\/v2\/types\/page"}],"author":[{"embeddable":true,"href":"https:\/\/dannydemiranda.com.br\/index.php?rest_route=\/wp\/v2\/users\/1"}],"replies":[{"embeddable":true,"href":"https:\/\/dannydemiranda.com.br\/index.php?rest_route=%2Fwp%2Fv2%2Fcomments&post=123"}],"version-history":[{"count":23,"href":"https:\/\/dannydemiranda.com.br\/index.php?rest_route=\/wp\/v2\/pages\/123\/revisions"}],"predecessor-version":[{"id":646,"href":"https:\/\/dannydemiranda.com.br\/index.php?rest_route=\/wp\/v2\/pages\/123\/revisions\/646"}],"wp:attachment":[{"href":"https:\/\/dannydemiranda.com.br\/index.php?rest_route=%2Fwp%2Fv2%2Fmedia&parent=123"}],"curies":[{"name":"wp","href":"https:\/\/api.w.org\/{rel}","templated":true}]}}